{"id":2,"date":"2023-10-23T12:35:20","date_gmt":"2023-10-23T05:35:20","guid":{"rendered":"https:\/\/dn-networks.chuyendich.com\/haikhang\/?page_id=2"},"modified":"2023-10-25T02:25:32","modified_gmt":"2023-10-24T19:25:32","slug":"su-nghiep","status":"publish","type":"page","link":"https:\/\/success.pro.vn\/haikhang-economy\/su-nghiep\/","title":{"rendered":"S\u1ef1 nghi\u1ec7p"},"content":{"rendered":"\n<p>S\u1ef1 nghi\u1ec7p c\u00e1ch m\u1ea1ng c\u1ee7a H\u1ea3i Khang tr\u00ean c\u00e1c l\u0129nh v\u1ef1c<\/p>\n\n\n\n<ol class=\"wp-block-list\">\n<li>X\u00e2y d\u1ef1ng phong tr\u00e0o chuy\u1ec3n d\u1ecbch ph\u00e1t tri\u1ec3n kinh t\u1ebf m\u1edbi<\/li>\n\n\n\n<li>X\u00e2y d\u1ef1ng phong tr\u00e0o s\u1ed1<\/li>\n\n\n\n<li>Ph\u00e1t tri\u1ec3n c\u00f4ng nghi\u1ec7p s\u1ed1<\/li>\n\n\n\n<li>Ph\u00e1t tri\u1ec3n th\u01b0\u01a1ng m\u1ea1i tr\u1ef1c tuy\u1ebfn<\/li>\n\n\n\n<li>B\u1ed3i d\u01b0\u1ee1ng v\u00e0 ph\u00e1t tri\u1ec3n nh\u00e2n t\u00e0i. <\/li>\n\n\n\n<li>N\u00e2ng \u0111\u1ee1 t\u1ea7ng l\u1edbp th\u01b0\u01a1ng nh\u00e2n, tr\u00ed th\u1ee9c, nh\u00e0 chuy\u00ean m\u00f4n<\/li>\n\n\n\n<li>Th\u00fac \u0111\u1ea9y s\u1ef1 ph\u00e1t tri\u1ec3n c\u1ee7a v\u0103n ho\u00e1 s\u00e1ng t\u1ea1o<\/li>\n<\/ol>\n\n\n\n<p><\/p>\n","protected":false},"excerpt":{"rendered":"<p>S\u1ef1 nghi\u1ec7p c\u00e1ch m\u1ea1ng c\u1ee7a H\u1ea3i Khang tr\u00ean c\u00e1c l\u0129nh v\u1ef1c<\/p>\n","protected":false},"author":1,"featured_media":0,"parent":0,"menu_order":0,"comment_status":"closed","ping_status":"closed","template":"","meta":{"footnotes":""},"class_list":["post-2","page","type-page","status-publish","hentry"],"_links":{"self":[{"href":"https:\/\/success.pro.vn\/haikhang-economy\/wp-json\/wp\/v2\/pages\/2","targetHints":{"allow":["GET"]}}],"collection":[{"href":"https:\/\/success.pro.vn\/haikhang-economy\/wp-json\/wp\/v2\/pages"}],"about":[{"href":"https:\/\/success.pro.vn\/haikhang-economy\/wp-json\/wp\/v2\/types\/page"}],"author":[{"embeddable":true,"href":"https:\/\/success.pro.vn\/haikhang-economy\/wp-json\/wp\/v2\/users\/1"}],"replies":[{"embeddable":true,"href":"https:\/\/success.pro.vn\/haikhang-economy\/wp-json\/wp\/v2\/comments?post=2"}],"version-history":[{"count":5,"href":"https:\/\/success.pro.vn\/haikhang-economy\/wp-json\/wp\/v2\/pages\/2\/revisions"}],"predecessor-version":[{"id":44,"href":"https:\/\/success.pro.vn\/haikhang-economy\/wp-json\/wp\/v2\/pages\/2\/revisions\/44"}],"wp:attachment":[{"href":"https:\/\/success.pro.vn\/haikhang-economy\/wp-json\/wp\/v2\/media?parent=2"}],"curies":[{"name":"wp","href":"https:\/\/api.w.org\/{rel}","templated":true}]}}