{"id":2,"date":"2023-10-25T12:34:24","date_gmt":"2023-10-25T05:34:24","guid":{"rendered":"https:\/\/dn-networks.chuyendich.com\/daitrinh\/?page_id=2"},"modified":"2023-10-26T02:18:15","modified_gmt":"2023-10-25T19:18:15","slug":"gioi-thieu","status":"publish","type":"page","link":"https:\/\/success.pro.vn\/haikhang-career\/gioi-thieu\/","title":{"rendered":"Gi\u1edbi thi\u1ec7u"},"content":{"rendered":"\n<p>T\u1ea4T C\u1ea2 M\u1eccI NG\u01af\u1edcI C\u00d9NG TH\u1eaeNG<\/p>\n\n\n\n<p>KH\u00d4NG \u0110\u1ec2 AI B\u1eca B\u1ece L\u1ea0I PH\u00cdA SAU<\/p>\n\n\n\n<p>D\u0128 C\u00d4NG VI TH\u01af\u1ee2NG<\/p>\n\n\n\n<p>CH\u00cd C\u00d4NG V\u00d4 T\u01af<\/p>\n\n\n\n<p><\/p>\n","protected":false},"excerpt":{"rendered":"<p>T\u1ea4T C\u1ea2 M\u1eccI NG\u01af\u1edcI C\u00d9NG TH\u1eaeNG KH\u00d4NG \u0110\u1ec2 AI B\u1eca B\u1ece L\u1ea0I PH\u00cdA SAU D\u0128 C\u00d4NG VI TH\u01af\u1ee2NG CH\u00cd C\u00d4NG V\u00d4 T\u01af<\/p>\n","protected":false},"author":1,"featured_media":0,"parent":0,"menu_order":0,"comment_status":"closed","ping_status":"closed","template":"","meta":{"footnotes":""},"class_list":["post-2","page","type-page","status-publish","hentry"],"_links":{"self":[{"href":"https:\/\/success.pro.vn\/haikhang-career\/wp-json\/wp\/v2\/pages\/2","targetHints":{"allow":["GET"]}}],"collection":[{"href":"https:\/\/success.pro.vn\/haikhang-career\/wp-json\/wp\/v2\/pages"}],"about":[{"href":"https:\/\/success.pro.vn\/haikhang-career\/wp-json\/wp\/v2\/types\/page"}],"author":[{"embeddable":true,"href":"https:\/\/success.pro.vn\/haikhang-career\/wp-json\/wp\/v2\/users\/1"}],"replies":[{"embeddable":true,"href":"https:\/\/success.pro.vn\/haikhang-career\/wp-json\/wp\/v2\/comments?post=2"}],"version-history":[{"count":3,"href":"https:\/\/success.pro.vn\/haikhang-career\/wp-json\/wp\/v2\/pages\/2\/revisions"}],"predecessor-version":[{"id":23,"href":"https:\/\/success.pro.vn\/haikhang-career\/wp-json\/wp\/v2\/pages\/2\/revisions\/23"}],"wp:attachment":[{"href":"https:\/\/success.pro.vn\/haikhang-career\/wp-json\/wp\/v2\/media?parent=2"}],"curies":[{"name":"wp","href":"https:\/\/api.w.org\/{rel}","templated":true}]}}